{"id":2,"date":"2019-01-31T10:41:17","date_gmt":"2019-01-31T10:41:17","guid":{"rendered":"https:\/\/regiondelasflores.com.ar\/?page_id=2"},"modified":"2019-10-17T17:14:48","modified_gmt":"2019-10-17T20:14:48","slug":"paseos","status":"publish","type":"page","link":"https:\/\/regiondelasflores.com.ar\/?page_id=2","title":{"rendered":"Paseos"},"content":{"rendered":"<div class=\"su-row\">\n<div class=\"su-column su-column-size-2-3\"><div class=\"su-column-inner su-u-clearfix su-u-trim\">\n<h3><span style=\"font-weight: 400;\">SALTOS Y CASCADAS<\/span><\/h3>\n<p><span style=\"font-weight: 400;\">Circuito que recorre varios hermosos Saltos y Parques, conformando un paseo por el Salto Encantado, Salto Cu\u00f1a-Pir\u00fa, Salto Tabay, Salto Capiovi y Gruta India.<\/span><\/p>\n<h3><span style=\"font-weight: 400;\">LOS CAMINOS DEL CHE<\/span><\/h3>\n<p><span style=\"font-weight: 400;\">La historia y la cultura, tiene sus exponentes en esta regi\u00f3n en el Parque Provincial Hogar Misionero del Che Guevara, en Caraguatay, que muestra los pasos de la familia Guevara-Lynch en Misiones.<\/span><\/p>\n<h3><span style=\"font-weight: 400;\">INMIGRANTES<\/span><\/h3>\n<p><span style=\"font-weight: 400;\">\u00a0Recorrido y visita a lugares hist\u00f3ricos de la regi\u00f3n, que muestra la historia de la Colonizaci\u00f3n privada en Misiones, Museo de la Inmigraci\u00f3n La Casa de Los Abuelos en Capiov\u00ed, Museo Ra\u00edces en Puerto Rico, el Museo Huellas del Pasado y el Museo del Agricultor en Montecarlo.<\/span><\/p>\n<h3><span style=\"font-weight: 400;\">TURISMO RURAL<\/span><\/h3>\n<p><span style=\"font-weight: 400;\">Recorrido y actividades conociendo chacras y establecimientos rurales de la regi\u00f3n, en donde se podr\u00e1 vivenciar la gastronom\u00eda regional como as\u00ed tambi\u00e9n el trabajo de la familia del agro misionero. Visita a peque\u00f1as industrias y cooperativas destinadas a la producci\u00f3n de la Yerba Mate. Agroturismo Navidad, El Hormiguero, Agroturismo SOF, Cooperativa de T\u00e9 y Yerba Ruiz de Montoya, los Productos de Instituto L\u00ednea Cuchilla, el Molino de Yerba Mate de la Cooperativa Agr\u00edcola de Montecarlo.<\/span><\/p>\n<h3><span style=\"font-weight: 400;\">ALTO PARAN\u00c1<\/span><\/h3>\n<p><span style=\"font-weight: 400;\">Para los amantes del R\u00edo, la regi\u00f3n cuenta con sitios como clubes de pesca en donde se podr\u00e1 desarrollara actividades recreativas y en contacto con la naturaleza. Puerto Leoni, Puerto Rico, EL Alc\u00e1zar, y Montecarlo, cuentan con excelente equipamiento para actividades en el R\u00edo, bajada de lanchas, pesca de costa y servicios.<\/span><\/p>\n<h3><span style=\"font-weight: 400;\">\u00a0ORQU\u00cdDEAS Y FLORES<\/span><\/h3>\n<p><span style=\"font-weight: 400;\">Uno de los principales atractivos de la zona y de la Provincia, tiene su epicentro en la localidad de Montecarlo, capital Nacional de la Orqu\u00eddea y Provincial de la Flor, sede la fiesta, en el Parque Vortich, se puede visitar el Laberinto vegetal m\u00e1s grande de Sudam\u00e9rica, numerosos orquidearios conforman un paseo lleno de colorido y belleza. Adem\u00e1s de Lapachos, Azaleas y Camelias adornan calles y jardines de la regi\u00f3n.<\/span><\/p>\n<h3><span style=\"font-weight: 400;\">IGLESIAS Y TEMPLOS<\/span><\/h3>\n<p><span style=\"font-weight: 400;\">La regi\u00f3n cuenta con opciones muy significativas en materia de turismo religioso, la Iglesia San Luis Gonzaga de Capiov\u00ed, cuya imagen es el portal de entrada por la ruta nacional 12, la Capilla San Miguel, Monumento Hist\u00f3rico Nacional, la capilla Santa Cecilia en Ruiz de Montoya, la Capilla Santa Rita en Caraguatay, y la iglesia Inmaculada Concepci\u00f3n de Mar\u00eda en el Alc\u00e1zar, son algunos de los lugares a visitar y admirar la importancia de la arquitectura y la impronta de f\u00e9 de los inmigrantes que poblaron la zona.<\/span><\/p>\n<\/div><\/div>\n<div class=\"su-column su-column-size-1-3\"><div class=\"su-column-inner su-u-clearfix su-u-trim\">\n<img fetchpriority=\"high\" decoding=\"async\" class=\"aligncenter size-full wp-image-71\" src=\"https:\/\/regiondelasflores.com.ar\/wp-content\/uploads\/2019\/08\/logo1-340x340-temp2.png\" alt=\"\" width=\"340\" height=\"340\" srcset=\"https:\/\/regiondelasflores.com.ar\/wp-content\/uploads\/2019\/08\/logo1-340x340-temp2.png 340w, https:\/\/regiondelasflores.com.ar\/wp-content\/uploads\/2019\/08\/logo1-340x340-temp2-150x150.png 150w, https:\/\/regiondelasflores.com.ar\/wp-content\/uploads\/2019\/08\/logo1-340x340-temp2-300x300.png 300w\" sizes=\"(max-width: 340px) 100vw, 340px\" \/><br \/>\n<\/div><\/div>\n<\/div>\n","protected":false},"excerpt":{"rendered":"","protected":false},"author":1,"featured_media":0,"parent":0,"menu_order":0,"comment_status":"closed","ping_status":"closed","template":"","meta":{"footnotes":""},"class_list":["post-2","page","type-page","status-publish","hentry"],"_links":{"self":[{"href":"https:\/\/regiondelasflores.com.ar\/index.php?rest_route=\/wp\/v2\/pages\/2","targetHints":{"allow":["GET"]}}],"collection":[{"href":"https:\/\/regiondelasflores.com.ar\/index.php?rest_route=\/wp\/v2\/pages"}],"about":[{"href":"https:\/\/regiondelasflores.com.ar\/index.php?rest_route=\/wp\/v2\/types\/page"}],"author":[{"embeddable":true,"href":"https:\/\/regiondelasflores.com.ar\/index.php?rest_route=\/wp\/v2\/users\/1"}],"replies":[{"embeddable":true,"href":"https:\/\/regiondelasflores.com.ar\/index.php?rest_route=%2Fwp%2Fv2%2Fcomments&post=2"}],"version-history":[{"count":5,"href":"https:\/\/regiondelasflores.com.ar\/index.php?rest_route=\/wp\/v2\/pages\/2\/revisions"}],"predecessor-version":[{"id":80,"href":"https:\/\/regiondelasflores.com.ar\/index.php?rest_route=\/wp\/v2\/pages\/2\/revisions\/80"}],"wp:attachment":[{"href":"https:\/\/regiondelasflores.com.ar\/index.php?rest_route=%2Fwp%2Fv2%2Fmedia&parent=2"}],"curies":[{"name":"wp","href":"https:\/\/api.w.org\/{rel}","templated":true}]}}